it of n(-11)?
7
Let a(t) = 109*t**2 + 5*t - 1. Let j(s) = s**2 + 2*s. Let n(b) = 3*a(b) - 3*j(b). What is the units digit of n(2)?
1
Let u = -53 + 57. What is the units digit of (245/2)/(u*(-1)/(-8))?
5
What is the units digit of 16*(-7)/(-35)*10030/4?
4
Let q be (-168)/(-20) + 2 + 7/(-5). Suppose q*p - 68 = 7*p. Suppose -30*o - 612 = -p*o. What is the tens digit of o?
5
Suppose -2*q + 1 + 6 = p, 4*q = p - 1. Suppose -l + 18 = -2*l - 4*c, p*l + 2*c = 0. Suppose 4*u + 3*v - l*v = 384, u = 3*v + 109. What is the tens digit of u?
9
Suppose 1811 - 5255 = 14*h. Let y = h + 483. What is the hundreds digit of y?
2
Let a(m) = -m - 1. Let t be a(-5). Suppose 3*o - 2 = -2*j, -6 = -3*j + t*o - 3. Suppose -4*k + 320 = l - j, 2*l - 89 = -k. What is the tens digit of k?
7
Let k = 212 + -207. Suppose 852 + 258 = k*h. What is the hundreds digit of h?
2
Let z be (4 - 10)*(-2)/1. What is the units digit of (75/20*-13)/(-3)*z?
5
Let p(i) = -i**3 + 2*i**2 + 13*i + 10. Let f be p(5). Suppose 21*o - 4093 - 2879 = f. What is the tens digit of o?
3
Let n be (2/3)/((-274)/69 + 4). Let p = 123 + -99. Suppose 0 = -n*d + p*d - 6. What is the units digit of d?
6
Let b(d) = 5*d**2 - 244*d + 100. What is the units digit of b(65)?
5
Let i(q) = q**3 - 5*q**2 + 3*q - 2. Let x be i(4). Let w(s) = -156*s**3 + 49*s**3 + 57*s**3 - 3*s**2 - 17 + 49*s**3 - 2*s. What is the tens digit of w(x)?
0
Let g be -6*(133/(-6) + (-10)/20). Suppose k + 132 = 5*k. Let n = g + k. What is the hundreds digit of n?
1
Suppose 0 = j - 0*j - 4. Suppose -j*i - 12 = -32. Suppose 0 = -u - i*g + 131 - 3, -235 = -2*u - 3*g. What is the units digit of u?
3
Let h = -51 - -54. What is the tens digit of -3*(-2)/h*(-283)/(-2)?
8
Let r be 2*2/8*192/(-16). What is the units digit of -300*(-7 - r)*1?
0
Let l(v) = -61*v + 3. Let c(g) = 11*g - 11*g - 31*g + 2. Let u(b) = 7*c(b) - 4*l(b). What is the tens digit of u(3)?
8
Let g be 240*((-60)/(-16) - 3). Suppose -z = 3*z. Suppose z = -2*m + 3*x + 387, 0 = -3*m + 4*m + 3*x - g. What is the units digit of m?
9
Let y(p) = -681*p + 6841. What is the tens digit of y(-21)?
4
Let w = 56 - 56. Suppose -t + 0*t - 3*s - 39 = w, 4*t + s = -167. What is the hundreds digit of 21/t + 566/4?
1
Let c(b) = 616*b + 161. Let t be c(13). Suppose 9*s = 2*s + t. What is the hundreds digit of s?
1
Let p = -13546 - -36749. What is the thousands digit of p?
3
Let p(b) = 2*b**2 - 17*b - 6. Let t be p(9). Suppose t*c - 225 = 411. Let l = c - 84. What is the units digit of l?
8
Let b(s) = 7*s + 2. Let i be b(0). Suppose i = 12*w - 34. Suppose 0 = -4*t - 3*k + 107 + 401, 5*k = -w*t + 370. What is the tens digit of t?
3
Let i be (-110)/4 + 14/28. Let o = -31 - i. What is the tens digit of (-2)/o + (-1108)/(-8)?
3
Suppose 4*l = -l + 175. Suppose 0 = 6*d + d - l. Suppose d*h + 5*v - 510 = 0, -v + 2*v + 5 = 0. What is the tens digit of h?
0
Suppose 0 = 4*t + 24, 9*j + 5*t = 7*j + 18540. What is the units digit of j?
5
Let j = 80520 + -56939. What is the ten thousands digit of j?
2
Let f(y) = 86*y**2 + 5*y - 2. Let h = 34 - 36. What is the units digit of f(h)?
2
Let j(w) = -w**3 + 85*w**2 - 123*w - 565. What is the hundreds digit of j(56)?
4
Let j be (-6)/(-8) + (-148)/(-16) + -7. Suppose 5*a - 77 = -p, -4*p - 186 = -j*a - 494. What is the tens digit of (-436)/(-7) - 22/p?
6
Let k(u) = 50*u**2 + 28*u + 575. What is the hundreds digit of k(28)?
5
What is the tens digit of (84/(-10))/((-16)/212*(-7)/(-910))?
6
Let b(v) = 132*v**2 - 8*v - 1. Let w(r) = 395*r**2 - 26*r - 2. Let y(z) = 7*b(z) - 2*w(z). What is the units digit of y(-2)?
1
Suppose -3467 - 7441 = -9*s. What is the tens digit of s?
1
Let i be (-240)/144 - (-8)/(-6). Let w(y) = -11*y**3 - y**2 + 17*y + 39. What is the tens digit of w(i)?
7
Suppose 5933 + 12292 = 27*g. Suppose g = -40*h + 41*h. What is the tens digit of h?
7
Suppose 0 = -4*t + 12. Suppose 0 = 3*c + t*c - 12. Suppose 3*p - c*w = 53, 2*w - 6*w = 5*p - 81. What is the tens digit of p?
1
Let i(y) = -40*y + 8*y - 20*y + 3 - 14*y. What is the hundreds digit of i(-5)?
3
Let a = 5535 - -1254. What is the units digit of a?
9
Suppose 2*j + 5*k - 90 = -0*j, 5*k - 170 = -4*j. What is the hundreds digit of 21/(-8) - -3 - (-18145)/j?
4
Let h(v) = 3*v + 17. Let o be h(-4). Suppose 9*x - o*x + 208 = m, 0 = -2*m - 5*x + 416. What is the hundreds digit of m?
2
What is the ten thousands digit of (2/(-30))/((-168)/58814280)?
2
Let l = 20144 - 11238. What is the tens digit of l?
0
Let r(i) = 3*i**2 + 11*i + 29. Let n = -26 + 29. Suppose t + 2*k = -0*k + 4, n*t + 43 = 5*k. What is the units digit of r(t)?
1
Let r(v) = 21*v**2 + 3*v + 119. Let s(l) = -11*l**2 - 3*l - 59. Let w(f) = -2*r(f) - 5*s(f). What is the hundreds digit of w(-4)?
2
Let q(r) = r**3 - 6*r**2 - 9*r + 16. Let l be (-32)/(-5) - 45/(-75). Let b be q(l). Suppose -b*t = 6*t - 488. What is the tens digit of t?
6
Let h(k) = 98*k + 1274. What is the hundreds digit of h(-7)?
5
Let s(h) = -1951*h - 271. What is the hundreds digit of s(-2)?
6
Let x(b) = -6*b + 1712. Let d be x(0). Let u = -984 + d. What is the tens digit of u?
2
Let c = 100 - 90. Suppose -14*o = -c*o - 2752. What is the hundreds digit of o?
6
Let a be (45/(-27))/((-10)/(-12) - 0). Let x(l) = -2*l - 7 + 14*l**2 + 7. What is the tens digit of x(a)?
6
Let q be 8/16*(-1*2 - -2). Suppose 2*z - 4*p - 632 = q, -2*z + 0*z + 3*p = -632. Suppose 0 = 7*b - 5*b - z. What is the units digit of b?
8
Suppose -920 = -16*u + 200. What is the tens digit of (-4 + (-18)/(-4))*u?
3
Let f(n) = -37 + 0*n**2 - n**3 - n**3 + 49 - 2*n + 2*n**2. What is the units digit of f(-5)?
2
Suppose -305*b - 377266 = -1474615 - 11813911. What is the ten thousands digit of b?
4
Suppose 4*t - 2552 = -4*b, -17*t + 20*t - 1912 = -4*b. Suppose -q + 37 = 34, -s - 5*q = -t. What is the tens digit of s?
2
What is the tens digit of (417 + 118388)*(-2)/15*(-6)/4?
6
Let h = -1825 - -2925. Suppose -861 = -3*s + 3*g, -5*g + h = 5*s - 365. What is the tens digit of s?
9
Suppose 534 = 11*h + 435. Suppose -5*s - 16 = -h*s, -2*s = -3*j + 1894. What is the tens digit of j?
3
Suppose -12*c - 15285 + 148869 = 0. What is the units digit of c?
2
Suppose 2*y - y + 34 = -d, -2*d = 5*y + 56. Let l = 50 - d. What is the units digit of (13/13)/(2/l)?
4
Let h(z) = 5*z**2 + 44*z - 24. Let x be h(18). Let t = x + -864. What is the thousands digit of t?
1
Suppose 42*p - 43*p + 10288 = 2*o, 5*p = 5*o + 51425. What is the ten thousands digit of p?
1
Let y(h) = -h. Let m be y(0). Suppose z = 3*t + 613, m = 3*z - 19*t + 15*t - 1839. What is the tens digit of z?
1
Let w(z) = 116*z - 158. Let h(l) = 10*l - 133. Let b be h(14). What is the units digit of w(b)?
4
Suppose -5*s + 4 = -4*s. Suppose -8*p = -11*p + 4*y + 764, -s*p + y = -997. What is the hundreds digit of p?
2
Suppose -2*k = 21*k - 2944. Suppose 2160 = -126*j + k*j. What is the units digit of j?
0
Suppose -n + 11 = 5*p, -8*p + 9 = 2*n - 11*p. Let x = -3 - n. Let u(o) = o**2 - 2*o + 7. What is the hundreds digit of u(x)?
1
Let q = -5468 - -10471. What is the tens digit of q?
0
What is the ten thousands digit of 1054*(-47)/6*300/(-100)?
2
Let f(z) = 219*z + 3405. What is the tens digit of f(39)?
4
Let p(n) = 115*n**2 - n. Suppose 4*v + 27 + 9 = 0. Let f be 0 - 1 - 0*3/v. What is the units digit of p(f)?
6
Let x = 167 - 181. What is the units digit of (13/(-52) + x/8)*-8?
6
Let v(j) = 8*j - 7. Let c(t) = -33*t + 27. Suppose -4*o - 29 = -5*p, -3*p + o + 14 = -p. Let a(d) = p*v(d) + 2*c(d). What is the tens digit of a(5)?
2
Let z = 145307 - 101106. What is the units digit of z?
1
Suppose -5*b + 3*g + 4793 = 0, 35*b - 36*b - 4*g + 977 = 0. Suppose 1223 = 4*h - b. What is the hundreds digit of h?
5
Suppose 4*m - 36 - 12 = 0. Suppose 2*a - m = -2*a, -g = -5*a - 11. What is the tens digit of g?
2
Suppose -2*d - 1167 = 5*n, -n - 192 - 2097 = 4*d. Let v = d - -957. What is the units digit of v?
6
Let u be 2/12*6 - (-2 + 1988). Let o = u - -3227. What is the units digit of o?
2
Let o(b) = b**3 - 14*b**2 + 24*b - 14. Let q be o(12). Let a be q/35 + (-86)/10. What is the tens digit of (-219)/a + 2/(-6)?
2
What is the units digit of (-4)/42*-3 + ((-78110)/(-35) - 4)?
8
Let k(n) = 2*n**3 - 6*n**2 - 6*n + 1. Let m be k(5). Let z(y) = 3*y**2 + 5*y + 25. Let c be z(-5). Let r = c - m. What is the units d